{"id":68,"date":"2023-09-07T17:20:59","date_gmt":"2023-09-07T15:20:59","guid":{"rendered":"https:\/\/thueringer-jagdschule.de\/?page_id=68"},"modified":"2023-09-17T16:50:59","modified_gmt":"2023-09-17T14:50:59","slug":"jaegerbrief","status":"publish","type":"page","link":"https:\/\/thueringer-jagdschule.de\/?page_id=68","title":{"rendered":"J\u00e4gerbrief"},"content":{"rendered":"<p>[vc_row][vc_column width=&#8220;1\/2&#8243;][vc_images_carousel images=&#8220;305,304,306,307&#8243; img_size=&#8220;large&#8220; autoplay=&#8220;yes&#8220; wrap=&#8220;yes&#8220;][\/vc_column][vc_column width=&#8220;1\/2&#8243;][\/vc_column][\/vc_row][vc_row][vc_column][vc_column_text]Nach erfolgreich absolvierten schriftlichen, m\u00fcndlich und praktischen sowie Pr\u00fcfungen im jagdlichen Schie\u00dfen, erhalten die Absolventen in feierlichem Rahmen Ihren J\u00e4gerbrief.<\/p>\n<p>Der J\u00e4gerbrief ist eine &#8222;Urkunde&#8220; wie sie auch nach Sportveranstaltungen ausgegeben wird. Sie hat einzig und allein sentimentalen Wert. Also nur zur Erinnerung an die Zeit des Jagdkurses und Aufnahme in die J\u00e4gerschaft.[\/vc_column_text][vc_message message_box_style=&#8220;3d&#8220; message_box_color=&#8220;alert-warning&#8220; icon_type=&#8220;openiconic&#8220; icon_openiconic=&#8220;vc-oi vc-oi-right&#8220;]<\/p>\n<p style=\"text-align: center;\"><span style=\"font-size: 12pt;\">Zur Motivation und als Bonus f\u00fcr besondere Leistungen erh\u00e4lt der Pr\u00fcfungsbeste einen <em>Bockabschuss im Forstamt Kaltennordheim<\/em> frei.<\/span><\/p>\n<p>[\/vc_message][vc_empty_space height=&#8220;26px&#8220;][vc_single_image image=&#8220;320&#8243; img_size=&#8220;full&#8220; style=&#8220;vc_box_shadow_3d&#8220;][\/vc_column][\/vc_row]<\/p>\n","protected":false},"excerpt":{"rendered":"<p>[vc_row][vc_column width=&#8220;1\/2&#8243;][vc_images_carousel images=&#8220;305,304,306,307&#8243; img_size=&#8220;large&#8220; autoplay=&#8220;yes&#8220; wrap=&#8220;yes&#8220;][\/vc_column][vc_column width=&#8220;1\/2&#8243;][\/vc_column][\/vc_row][vc_row][vc_column][vc_column_text]Nach erfolgreich absolvierten schriftlichen, m\u00fcndlich und praktischen sowie Pr\u00fcfungen im jagdlichen Schie\u00dfen, erhalten die Absolventen in feierlichem Rahmen Ihren J\u00e4gerbrief. Der J\u00e4gerbrief ist eine &#8222;Urkunde&#8220; wie sie auch nach Sportveranstaltungen ausgegeben wird. Sie hat einzig und allein sentimentalen Wert. Also nur zur Erinnerung an die Zeit des Jagdkurses und [&hellip;]<\/p>\n","protected":false},"author":1,"featured_media":0,"parent":0,"menu_order":0,"comment_status":"closed","ping_status":"closed","template":"","meta":{"footnotes":""},"class_list":["post-68","page","type-page","status-publish","hentry"],"_links":{"self":[{"href":"https:\/\/thueringer-jagdschule.de\/index.php?rest_route=\/wp\/v2\/pages\/68","targetHints":{"allow":["GET"]}}],"collection":[{"href":"https:\/\/thueringer-jagdschule.de\/index.php?rest_route=\/wp\/v2\/pages"}],"about":[{"href":"https:\/\/thueringer-jagdschule.de\/index.php?rest_route=\/wp\/v2\/types\/page"}],"author":[{"embeddable":true,"href":"https:\/\/thueringer-jagdschule.de\/index.php?rest_route=\/wp\/v2\/users\/1"}],"replies":[{"embeddable":true,"href":"https:\/\/thueringer-jagdschule.de\/index.php?rest_route=%2Fwp%2Fv2%2Fcomments&post=68"}],"version-history":[{"count":24,"href":"https:\/\/thueringer-jagdschule.de\/index.php?rest_route=\/wp\/v2\/pages\/68\/revisions"}],"predecessor-version":[{"id":303,"href":"https:\/\/thueringer-jagdschule.de\/index.php?rest_route=\/wp\/v2\/pages\/68\/revisions\/303"}],"wp:attachment":[{"href":"https:\/\/thueringer-jagdschule.de\/index.php?rest_route=%2Fwp%2Fv2%2Fmedia&parent=68"}],"curies":[{"name":"wp","href":"https:\/\/api.w.org\/{rel}","templated":true}]}}