{"id":76,"date":"2023-09-07T17:23:15","date_gmt":"2023-09-07T15:23:15","guid":{"rendered":"https:\/\/thueringer-jagdschule.de\/?page_id=76"},"modified":"2023-09-07T23:34:12","modified_gmt":"2023-09-07T21:34:12","slug":"theoretische-ausbildung","status":"publish","type":"page","link":"https:\/\/thueringer-jagdschule.de\/?page_id=76","title":{"rendered":"Theoretische Ausbildung"},"content":{"rendered":"<p>[vc_row][vc_column][vc_custom_heading text=&#8220;Der Lehrgangsinhalt eines Kurses sowie auch die schriftliche und m\u00fcndliche Pr\u00fcfung umfassen folgende Sachgebiete&#8220; font_container=&#8220;tag:h5|text_align:center|color:%231e73be&#8220; use_theme_fonts=&#8220;yes&#8220;][\/vc_column][\/vc_row][vc_row][vc_column width=&#8220;1\/2&#8243;][vc_empty_space][vc_hoverbox image=&#8220;136&#8243; primary_title=&#8220;Sachgebiet 1&#8243; primary_align=&#8220;left&#8220; primary_title_font_container=&#8220;color:%23ffffff&#8220; primary_title_use_theme_fonts=&#8220;yes&#8220; hover_title=&#8220;betrifft:&#8220; use_custom_fonts_primary_title=&#8220;true&#8220;]Tierarten, Wildbiologie, Wildhege, Wildschadensverh\u00fctung, Land- und Waldwirtschaft<\/p>\n<p>[\/vc_hoverbox][vc_separator][vc_hoverbox image=&#8220;142&#8243; primary_title=&#8220;Sachgebiet 3&#8243; primary_align=&#8220;left&#8220; primary_title_font_container=&#8220;color:%23ffffff&#8220; primary_title_use_theme_fonts=&#8220;yes&#8220; hover_title=&#8220;betrifft:&#8220; use_custom_fonts_primary_title=&#8220;true&#8220;]Waffentechnik, F\u00fchren von Jagdwaffen<\/p>\n<p>[\/vc_hoverbox][\/vc_column][vc_column width=&#8220;1\/2&#8243;][vc_empty_space][vc_hoverbox image=&#8220;134&#8243; primary_title=&#8220;Sachgebiet 2&#8243; primary_align=&#8220;left&#8220; primary_title_font_container=&#8220;color:%23ffffff&#8220; primary_title_use_theme_fonts=&#8220;yes&#8220; hover_title=&#8220;betrifft:&#8220; use_custom_fonts_primary_title=&#8220;true&#8220;]Jagdbetrieb, Fallenjagd, Jagdhunde, Behandlung des erlegten Wildes, Wildbrett als Lehrmittel (Fleischhygiene)<\/p>\n<p>[\/vc_hoverbox][vc_separator][vc_hoverbox image=&#8220;145&#8243; primary_title=&#8220;Sachgebiet 4&#8243; primary_align=&#8220;left&#8220; primary_title_font_container=&#8220;color:%23ffffff&#8220; primary_title_use_theme_fonts=&#8220;yes&#8220; hover_title=&#8220;betrifft:&#8220; use_custom_fonts_primary_title=&#8220;true&#8220;]Jagdrecht, Waffenrecht, Tierschutzrecht, Natur- &amp; Umweltschutz<\/p>\n<p>&nbsp;<\/p>\n<p>[\/vc_hoverbox][\/vc_column][\/vc_row][vc_row][vc_column][vc_empty_space height=&#8220;64 px&#8220;][vc_column_text]<\/p>\n<table style=\"width: 100%; border-collapse: collapse; border-style: none; background-color: #ffffff;\">\n<tbody>\n<tr>\n<td style=\"width: 50%;\"><span style=\"color: #000080;\"><strong><span style=\"font-size: 14pt;\">Pr\u00fcfungsablauf der J\u00e4gerpr\u00fcfung in Th\u00fcringen<\/span><\/strong><\/span><\/td>\n<td style=\"width: 50%;\"><\/td>\n<\/tr>\n<tr>\n<td style=\"width: 50%;\">Die J\u00e4gerpr\u00fcfung in Th\u00fcringen besteht aus drei Teilen:<\/p>\n<ul>\n<li>schriftlicher Teil,<\/li>\n<li>m\u00fcndlich-praktischer Teil,<\/li>\n<li>Schie\u00dfpr\u00fcfung<\/li>\n<\/ul>\n<p>Die Pr\u00fcfung im schriftlichen und m\u00fcndlich-praktischen Teil umfasst folgende Sachgebiete:<\/p>\n<ul>\n<li>Jagdwaffenkunde, Waffenrecht,<\/li>\n<li>Wildarten, Wildschutz, Landnutzung, Schadensverh\u00fctung,<\/li>\n<li>Jagdbetrieb, Hege und Brauchtum,<\/li>\n<li>Recht<\/li>\n<\/ul>\n<\/td>\n<td style=\"width: 50%;\" rowspan=\"3\"><img loading=\"lazy\" decoding=\"async\" class=\"alignright wp-image-161\" src=\"https:\/\/thueringer-jagdschule.de\/wp-content\/uploads\/2023\/09\/Logo_23_2-1.png\" alt=\"\" width=\"404\" height=\"500\" srcset=\"https:\/\/thueringer-jagdschule.de\/wp-content\/uploads\/2023\/09\/Logo_23_2-1.png 676w, https:\/\/thueringer-jagdschule.de\/wp-content\/uploads\/2023\/09\/Logo_23_2-1-242x300.png 242w\" sizes=\"auto, (max-width: 404px) 100vw, 404px\" \/><\/td>\n<\/tr>\n<tr>\n<td style=\"width: 50%;\"><span style=\"color: #000080;\"><strong><span style=\"font-size: 14pt;\">Schriftlicher Teil der J\u00e4gerpr\u00fcfung<\/span><\/strong><\/span><\/td>\n<\/tr>\n<tr>\n<td style=\"width: 50%;\">Insgesamt sind von den Pr\u00fcflingen 100 Fragen ( 25 Fragen aus jedem Sachgebiet) im Multiple-Choice-Verfahren zu beantworten.<br \/>\nZeitrahmen: 120 Minuten<br \/>\nNicht bestandenen ist der schriftliche Teil, wenn innerhalb eines Sachgebietes mehr als sieben Fragen nicht oder nicht richtig beantwortet wurden.<\/td>\n<\/tr>\n<\/tbody>\n<\/table>\n<p>[\/vc_column_text][\/vc_column][\/vc_row][vc_row][vc_column][\/vc_column][\/vc_row]<\/p>\n","protected":false},"excerpt":{"rendered":"<p>[vc_row][vc_column][vc_custom_heading text=&#8220;Der Lehrgangsinhalt eines Kurses sowie auch die schriftliche und m\u00fcndliche Pr\u00fcfung umfassen folgende Sachgebiete&#8220; font_container=&#8220;tag:h5|text_align:center|color:%231e73be&#8220; use_theme_fonts=&#8220;yes&#8220;][\/vc_column][\/vc_row][vc_row][vc_column width=&#8220;1\/2&#8243;][vc_empty_space][vc_hoverbox image=&#8220;136&#8243; primary_title=&#8220;Sachgebiet 1&#8243; primary_align=&#8220;left&#8220; primary_title_font_container=&#8220;color:%23ffffff&#8220; primary_title_use_theme_fonts=&#8220;yes&#8220; hover_title=&#8220;betrifft:&#8220; use_custom_fonts_primary_title=&#8220;true&#8220;]Tierarten, Wildbiologie, Wildhege, Wildschadensverh\u00fctung, Land- und Waldwirtschaft [\/vc_hoverbox][vc_separator][vc_hoverbox image=&#8220;142&#8243; primary_title=&#8220;Sachgebiet 3&#8243; primary_align=&#8220;left&#8220; primary_title_font_container=&#8220;color:%23ffffff&#8220; primary_title_use_theme_fonts=&#8220;yes&#8220; hover_title=&#8220;betrifft:&#8220; use_custom_fonts_primary_title=&#8220;true&#8220;]Waffentechnik, F\u00fchren von Jagdwaffen [\/vc_hoverbox][\/vc_column][vc_column width=&#8220;1\/2&#8243;][vc_empty_space][vc_hoverbox image=&#8220;134&#8243; primary_title=&#8220;Sachgebiet 2&#8243; primary_align=&#8220;left&#8220; primary_title_font_container=&#8220;color:%23ffffff&#8220; primary_title_use_theme_fonts=&#8220;yes&#8220; hover_title=&#8220;betrifft:&#8220; use_custom_fonts_primary_title=&#8220;true&#8220;]Jagdbetrieb, Fallenjagd, [&hellip;]<\/p>\n","protected":false},"author":1,"featured_media":0,"parent":0,"menu_order":0,"comment_status":"closed","ping_status":"closed","template":"templates\/template-page-full-width.php","meta":{"footnotes":""},"class_list":["post-76","page","type-page","status-publish","hentry"],"_links":{"self":[{"href":"https:\/\/thueringer-jagdschule.de\/index.php?rest_route=\/wp\/v2\/pages\/76","targetHints":{"allow":["GET"]}}],"collection":[{"href":"https:\/\/thueringer-jagdschule.de\/index.php?rest_route=\/wp\/v2\/pages"}],"about":[{"href":"https:\/\/thueringer-jagdschule.de\/index.php?rest_route=\/wp\/v2\/types\/page"}],"author":[{"embeddable":true,"href":"https:\/\/thueringer-jagdschule.de\/index.php?rest_route=\/wp\/v2\/users\/1"}],"replies":[{"embeddable":true,"href":"https:\/\/thueringer-jagdschule.de\/index.php?rest_route=%2Fwp%2Fv2%2Fcomments&post=76"}],"version-history":[{"count":30,"href":"https:\/\/thueringer-jagdschule.de\/index.php?rest_route=\/wp\/v2\/pages\/76\/revisions"}],"predecessor-version":[{"id":168,"href":"https:\/\/thueringer-jagdschule.de\/index.php?rest_route=\/wp\/v2\/pages\/76\/revisions\/168"}],"wp:attachment":[{"href":"https:\/\/thueringer-jagdschule.de\/index.php?rest_route=%2Fwp%2Fv2%2Fmedia&parent=76"}],"curies":[{"name":"wp","href":"https:\/\/api.w.org\/{rel}","templated":true}]}}